{"id":323,"date":"2023-08-25T13:03:55","date_gmt":"2023-08-25T11:03:55","guid":{"rendered":"http:\/\/dorf-archi.fr\/?page_id=323"},"modified":"2025-02-25T15:20:19","modified_gmt":"2025-02-25T14:20:19","slug":"le-holzweg","status":"publish","type":"page","link":"https:\/\/dorf-archi.fr\/index.php\/le-holzweg\/","title":{"rendered":"03-PROJET_LE HOLZWEG"},"content":{"rendered":"\t\t<div data-elementor-type=\"wp-page\" data-elementor-id=\"323\" class=\"elementor elementor-323\">\n\t\t\t\t\t\t<section class=\"elementor-section elementor-top-section elementor-element elementor-element-4eebfd5 elementor-section-boxed elementor-section-height-default elementor-section-height-default\" data-id=\"4eebfd5\" data-element_type=\"section\" data-e-type=\"section\">\n\t\t\t\t\t\t<div class=\"elementor-container elementor-column-gap-default\">\n\t\t\t\t\t<div class=\"elementor-column elementor-col-100 elementor-top-column elementor-element elementor-element-a97b692\" data-id=\"a97b692\" data-element_type=\"column\" data-e-type=\"column\">\n\t\t\t<div class=\"elementor-widget-wrap elementor-element-populated\">\n\t\t\t\t\t\t<div class=\"elementor-element elementor-element-a17c948 elementor-widget elementor-widget-heading\" data-id=\"a17c948\" data-element_type=\"widget\" data-e-type=\"widget\" data-widget_type=\"heading.default\">\n\t\t\t\t<div class=\"elementor-widget-container\">\n\t\t\t\t\t<h5 class=\"elementor-heading-title elementor-size-large\">LE HOLZWEG<\/h5>\t\t\t\t<\/div>\n\t\t\t\t<\/div>\n\t\t\t\t\t<\/div>\n\t\t<\/div>\n\t\t\t\t\t<\/div>\n\t\t<\/section>\n\t\t\t\t<section class=\"elementor-section elementor-top-section elementor-element elementor-element-32587fb elementor-section-boxed elementor-section-height-default elementor-section-height-default\" data-id=\"32587fb\" data-element_type=\"section\" data-e-type=\"section\">\n\t\t\t\t\t\t<div class=\"elementor-container elementor-column-gap-default\">\n\t\t\t\t\t<div class=\"elementor-column elementor-col-100 elementor-top-column elementor-element elementor-element-fdec084\" data-id=\"fdec084\" data-element_type=\"column\" data-e-type=\"column\">\n\t\t\t<div class=\"elementor-widget-wrap elementor-element-populated\">\n\t\t\t\t\t\t<div class=\"elementor-element elementor-element-a1a7ce3 elementor-widget elementor-widget-html\" data-id=\"a1a7ce3\" data-element_type=\"widget\" data-e-type=\"widget\" data-widget_type=\"html.default\">\n\t\t\t\t<div class=\"elementor-widget-container\">\n\t\t\t\t\t<script> \r\n\tjQuery(document).ready(function($) { \r\n\tvar delay = 100; setTimeout(function() { \r\n\t$('.elementor-tab-title').removeClass('elementor-active');\r\n\t$('.elementor-tab-content').css('display', 'none'); }, delay); \r\n\t}); \r\n<\/script>\t\t\t\t<\/div>\n\t\t\t\t<\/div>\n\t\t\t\t\t<\/div>\n\t\t<\/div>\n\t\t\t\t\t<\/div>\n\t\t<\/section>\n\t\t\t\t<section class=\"elementor-section elementor-top-section elementor-element elementor-element-7d99612 elementor-section-boxed elementor-section-height-default elementor-section-height-default\" data-id=\"7d99612\" data-element_type=\"section\" data-e-type=\"section\">\n\t\t\t\t\t\t<div class=\"elementor-container elementor-column-gap-default\">\n\t\t\t\t\t<div class=\"elementor-column elementor-col-100 elementor-top-column elementor-element elementor-element-3c7ac1c\" data-id=\"3c7ac1c\" data-element_type=\"column\" data-e-type=\"column\">\n\t\t\t<div class=\"elementor-widget-wrap elementor-element-populated\">\n\t\t\t\t\t\t<div class=\"elementor-element elementor-element-253f626 elementor-widget__width-initial elementor-widget-mobile__width-initial elementor-widget elementor-widget-accordion\" data-id=\"253f626\" data-element_type=\"widget\" data-e-type=\"widget\" data-widget_type=\"accordion.default\">\n\t\t\t\t<div class=\"elementor-widget-container\">\n\t\t\t\t\t\t\t<div class=\"elementor-accordion\">\n\t\t\t\t\t\t\t<div class=\"elementor-accordion-item\">\n\t\t\t\t\t<div id=\"elementor-tab-title-3901\" class=\"elementor-tab-title\" data-tab=\"1\" role=\"button\" aria-controls=\"elementor-tab-content-3901\" aria-expanded=\"false\">\n\t\t\t\t\t\t\t\t\t\t\t\t\t<span class=\"elementor-accordion-icon elementor-accordion-icon-left\" aria-hidden=\"true\">\n\t\t\t\t\t\t\t\t\t\t\t\t\t\t\t<span class=\"elementor-accordion-icon-closed\"><i class=\"fas fa-plus\"><\/i><\/span>\n\t\t\t\t\t\t\t\t<span class=\"elementor-accordion-icon-opened\"><i class=\"fas fa-minus\"><\/i><\/span>\n\t\t\t\t\t\t\t\t\t\t\t\t\t\t<\/span>\n\t\t\t\t\t\t\t\t\t\t\t\t<a class=\"elementor-accordion-title\" tabindex=\"0\"><\/a>\n\t\t\t\t\t<\/div>\n\t\t\t\t\t<div id=\"elementor-tab-content-3901\" class=\"elementor-tab-content elementor-clearfix\" data-tab=\"1\" role=\"region\" aria-labelledby=\"elementor-tab-title-3901\"><p style=\"text-align: left;\"><span style=\"font-size: 14px;\"><span style=\"color: #823435;\"><strong>Type :<\/strong><\/span> Construction de trois maisons mitoyennes destin\u00e9es \u00e0 la location<\/span><\/p><p style=\"text-align: left;\"><span style=\"font-size: 14px;\"><span style=\"color: #823435;\"><strong>Lieu :<\/strong><\/span> Hohengoeft (67)<\/span><\/p><p style=\"text-align: left;\"><span style=\"font-size: 14px;\"><span style=\"color: #823435;\"><strong>Ma\u00eetre d&rsquo;Ouvrage :<\/strong><\/span> Tania et Vincent<\/span><\/p><p style=\"text-align: left;\"><span style=\"font-size: 14px;\"><span style=\"color: #823435;\"><strong>Co-traitants :<\/strong><\/span> M.H.Ing\u00e9nierie, Callisto Ing\u00e9nierie<\/span><\/p><p style=\"text-align: left;\"><span style=\"font-size: 14px;\"><span style=\"color: #823435;\"><strong>Surface :<\/strong><\/span> 443m\u00b2<\/span><\/p><p style=\"text-align: left;\"><span style=\"font-size: 14px;\"><span style=\"color: #823435;\"><strong>Budget :<\/strong><\/span> NC<\/span><\/p><p style=\"text-align: left;\"><span style=\"font-size: 14px;\"><span style=\"color: #823435;\"><strong>Statut :<\/strong><\/span> Chantier en cours &#8211; Missions ESQ-AVP-PC-PRO<\/span><\/p><p style=\"text-align: left;\"><span style=\"font-size: 14px;\"><strong><span style=\"color: #823435;\">Caract\u00e9ristiques :<\/span><\/strong> RE2020<\/span><\/p><p style=\"text-align: left;\"><span style=\"font-size: 14px;\"><span style=\"color: #823435;\"><strong>Images :<\/strong><\/span> dorf, atelier d&rsquo;architecture \u00a9<\/span><\/p><p style=\"text-align: left;\"><span style=\"font-size: 14px;\">\u00a0<\/span><\/p><p style=\"text-align: left;\"><span style=\"font-size: 14px;\">\u00a0<\/span><\/p><p style=\"text-align: left;\"><span style=\"font-size: 14px;\">\u00a0<\/span><\/p><p style=\"text-align: left;\"><span style=\"font-size: 14px;\"><strong><span style=\"color: #823435;\">Cr\u00e9er une mitoyennet\u00e9 heureuse<\/span><\/strong><\/span><\/p><p style=\"text-align: justify;\"><span style=\"font-size: 14px;\">Le projet s&rsquo;implante dans un petit lotissement en milieu rural, compos\u00e9 essentiellement de maisons individuelles et formant un petit hameau nomm\u00e9 \u00ab\u00a0Holzweg\u00a0\u00bb.<\/span><\/p><p style=\"text-align: justify;\"><span style=\"font-size: 14px;\">Comment densifier dans un milieu pavillonnaire sans marquer de rupture ? Comment \u00e9conomiser et optimiser un foncier se rar\u00e9fiant ? Comment faire <em>village<\/em> dans un tissu urbain individualis\u00e9 ?<\/span><\/p><p style=\"text-align: justify;\"><span style=\"font-size: 14px;\">Le projet se propose de r\u00e9pondre \u00e0 ses diff\u00e9rentes probl\u00e9matiques :<\/span><\/p><p style=\"text-align: justify;\"><span style=\"font-size: 14px;\">Par sa forme urbaine: il reprend les codes et le langage domestique de la maison individuelle dans son \u00e9criture traditionnelle afin de s&rsquo;int\u00e9grer dans son environnement.<\/span><\/p><p style=\"text-align: justify;\"><span style=\"font-size: 14px;\">Par l&rsquo;imbrication de ses volumes: il cherche un \u00e9quilibre entre espaces priv\u00e9s et partag\u00e9s. Il assure l&rsquo;intimit\u00e9 quotidienne tout en favorisant les \u00e9changes entre voisins.<\/span><\/p><p style=\"text-align: justify;\"><span style=\"font-size: 14px;\">Par ses am\u00e9nagements ext\u00e9rieurs: de nature hybrides, ils sont pens\u00e9s de mani\u00e8re \u00e0 laisser une appropriation totale \u00e0 ses habitants pour potager, festoyer, papoter ou s&rsquo;amuser.<\/span><\/p><p style=\"text-align: justify;\"><span style=\"font-size: 14px;\">Par l&rsquo;agencement int\u00e9rieur des logements: il s&rsquo;adapte aux usages contemporains, pour toute la famille. On y retrouve de grands espaces de vie, de multiples rangements, un espace bureau de t\u00e9l\u00e9travail, un espace int\u00e9rieur \u00e0 usage privatif, etc.<\/span><\/p><\/div>\n\t\t\t\t<\/div>\n\t\t\t\t\t\t\t\t<\/div>\n\t\t\t\t\t\t<\/div>\n\t\t\t\t<\/div>\n\t\t\t\t\t<\/div>\n\t\t<\/div>\n\t\t\t\t\t<\/div>\n\t\t<\/section>\n\t\t\t\t<section class=\"elementor-section elementor-top-section elementor-element elementor-element-f68a435 elementor-section-boxed elementor-section-height-default elementor-section-height-default\" data-id=\"f68a435\" data-element_type=\"section\" data-e-type=\"section\">\n\t\t\t\t\t\t<div class=\"elementor-container elementor-column-gap-default\">\n\t\t\t\t\t<div class=\"elementor-column elementor-col-100 elementor-top-column elementor-element elementor-element-d34e13e\" data-id=\"d34e13e\" data-element_type=\"column\" data-e-type=\"column\">\n\t\t\t<div class=\"elementor-widget-wrap elementor-element-populated\">\n\t\t\t\t\t\t<div class=\"elementor-element elementor-element-197ff91 elementor-widget elementor-widget-image\" data-id=\"197ff91\" data-element_type=\"widget\" data-e-type=\"widget\" data-widget_type=\"image.default\">\n\t\t\t\t<div class=\"elementor-widget-container\">\n\t\t\t\t\t\t\t\t\t\t\t\t\t\t\t<img fetchpriority=\"high\" decoding=\"async\" width=\"1024\" height=\"518\" src=\"https:\/\/dorf-archi.fr\/wp-content\/uploads\/2024\/01\/Le-Holzweg-Axonometrie-1024x518.jpg\" class=\"attachment-large size-large wp-image-900\" alt=\"\" srcset=\"https:\/\/dorf-archi.fr\/wp-content\/uploads\/2024\/01\/Le-Holzweg-Axonometrie-1024x518.jpg 1024w, https:\/\/dorf-archi.fr\/wp-content\/uploads\/2024\/01\/Le-Holzweg-Axonometrie-300x152.jpg 300w, https:\/\/dorf-archi.fr\/wp-content\/uploads\/2024\/01\/Le-Holzweg-Axonometrie-768x388.jpg 768w, https:\/\/dorf-archi.fr\/wp-content\/uploads\/2024\/01\/Le-Holzweg-Axonometrie-1536x777.jpg 1536w, https:\/\/dorf-archi.fr\/wp-content\/uploads\/2024\/01\/Le-Holzweg-Axonometrie-2048x1036.jpg 2048w\" sizes=\"(max-width: 1024px) 100vw, 1024px\" \/>\t\t\t\t\t\t\t\t\t\t\t\t\t\t\t<\/div>\n\t\t\t\t<\/div>\n\t\t\t\t\t<\/div>\n\t\t<\/div>\n\t\t\t\t\t<\/div>\n\t\t<\/section>\n\t\t\t\t<section class=\"elementor-section elementor-top-section elementor-element elementor-element-4502014 elementor-section-boxed elementor-section-height-default elementor-section-height-default\" data-id=\"4502014\" data-element_type=\"section\" data-e-type=\"section\">\n\t\t\t\t\t\t<div class=\"elementor-container elementor-column-gap-default\">\n\t\t\t\t\t<div class=\"elementor-column elementor-col-100 elementor-top-column elementor-element elementor-element-6894d46\" data-id=\"6894d46\" data-element_type=\"column\" data-e-type=\"column\">\n\t\t\t<div class=\"elementor-widget-wrap elementor-element-populated\">\n\t\t\t\t\t\t<div class=\"elementor-element elementor-element-9180ea1 elementor-widget elementor-widget-spacer\" data-id=\"9180ea1\" data-element_type=\"widget\" data-e-type=\"widget\" data-widget_type=\"spacer.default\">\n\t\t\t\t<div class=\"elementor-widget-container\">\n\t\t\t\t\t\t\t<div class=\"elementor-spacer\">\n\t\t\t<div class=\"elementor-spacer-inner\"><\/div>\n\t\t<\/div>\n\t\t\t\t\t\t<\/div>\n\t\t\t\t<\/div>\n\t\t\t\t\t<\/div>\n\t\t<\/div>\n\t\t\t\t\t<\/div>\n\t\t<\/section>\n\t\t<div class=\"elementor-element elementor-element-18ad344 e-flex e-con-boxed e-con e-parent\" data-id=\"18ad344\" data-element_type=\"container\" data-e-type=\"container\">\n\t\t\t\t\t<div class=\"e-con-inner\">\n\t\t\t\t<div class=\"elementor-element elementor-element-e5fe233 elementor-widget elementor-widget-image\" data-id=\"e5fe233\" data-element_type=\"widget\" data-e-type=\"widget\" data-widget_type=\"image.default\">\n\t\t\t\t<div class=\"elementor-widget-container\">\n\t\t\t\t\t\t\t\t\t\t\t\t\t\t\t<img decoding=\"async\" width=\"800\" height=\"664\" src=\"https:\/\/dorf-archi.fr\/wp-content\/uploads\/2025\/02\/Perspective.jpg\" class=\"attachment-large size-large wp-image-2285\" alt=\"\" srcset=\"https:\/\/dorf-archi.fr\/wp-content\/uploads\/2025\/02\/Perspective.jpg 800w, https:\/\/dorf-archi.fr\/wp-content\/uploads\/2025\/02\/Perspective-300x249.jpg 300w, https:\/\/dorf-archi.fr\/wp-content\/uploads\/2025\/02\/Perspective-768x637.jpg 768w\" sizes=\"(max-width: 800px) 100vw, 800px\" \/>\t\t\t\t\t\t\t\t\t\t\t\t\t\t\t<\/div>\n\t\t\t\t<\/div>\n\t\t\t\t\t<\/div>\n\t\t\t\t<\/div>\n\t\t\t\t<section class=\"elementor-section elementor-top-section elementor-element elementor-element-3cc0736 elementor-section-boxed elementor-section-height-default elementor-section-height-default\" data-id=\"3cc0736\" data-element_type=\"section\" data-e-type=\"section\">\n\t\t\t\t\t\t<div class=\"elementor-container elementor-column-gap-default\">\n\t\t\t\t\t<div class=\"elementor-column elementor-col-100 elementor-top-column elementor-element elementor-element-7af99e1\" data-id=\"7af99e1\" data-element_type=\"column\" data-e-type=\"column\">\n\t\t\t<div class=\"elementor-widget-wrap elementor-element-populated\">\n\t\t\t\t\t\t<div class=\"elementor-element elementor-element-4fe9921 elementor-widget elementor-widget-spacer\" data-id=\"4fe9921\" data-element_type=\"widget\" data-e-type=\"widget\" data-widget_type=\"spacer.default\">\n\t\t\t\t<div class=\"elementor-widget-container\">\n\t\t\t\t\t\t\t<div class=\"elementor-spacer\">\n\t\t\t<div class=\"elementor-spacer-inner\"><\/div>\n\t\t<\/div>\n\t\t\t\t\t\t<\/div>\n\t\t\t\t<\/div>\n\t\t\t\t\t<\/div>\n\t\t<\/div>\n\t\t\t\t\t<\/div>\n\t\t<\/section>\n\t\t\t\t<section class=\"elementor-section elementor-top-section elementor-element elementor-element-3a705ea elementor-section-boxed elementor-section-height-default elementor-section-height-default\" data-id=\"3a705ea\" data-element_type=\"section\" data-e-type=\"section\">\n\t\t\t\t\t\t<div class=\"elementor-container elementor-column-gap-default\">\n\t\t\t\t\t<div class=\"elementor-column elementor-col-100 elementor-top-column elementor-element elementor-element-a595617\" data-id=\"a595617\" data-element_type=\"column\" data-e-type=\"column\">\n\t\t\t<div class=\"elementor-widget-wrap elementor-element-populated\">\n\t\t\t\t\t\t<div class=\"elementor-element elementor-element-fd0537c elementor-widget__width-initial elementor-widget elementor-widget-image\" data-id=\"fd0537c\" data-element_type=\"widget\" data-e-type=\"widget\" data-widget_type=\"image.default\">\n\t\t\t\t<div class=\"elementor-widget-container\">\n\t\t\t\t\t\t\t\t\t\t\t\t\t\t\t<img decoding=\"async\" width=\"1024\" height=\"1024\" src=\"https:\/\/dorf-archi.fr\/wp-content\/uploads\/2024\/06\/PLAN-RDC-1-1024x1024.jpg\" class=\"attachment-large size-large wp-image-1229\" alt=\"\" srcset=\"https:\/\/dorf-archi.fr\/wp-content\/uploads\/2024\/06\/PLAN-RDC-1-1024x1024.jpg 1024w, https:\/\/dorf-archi.fr\/wp-content\/uploads\/2024\/06\/PLAN-RDC-1-300x300.jpg 300w, https:\/\/dorf-archi.fr\/wp-content\/uploads\/2024\/06\/PLAN-RDC-1-150x150.jpg 150w, https:\/\/dorf-archi.fr\/wp-content\/uploads\/2024\/06\/PLAN-RDC-1-768x768.jpg 768w, https:\/\/dorf-archi.fr\/wp-content\/uploads\/2024\/06\/PLAN-RDC-1-1536x1536.jpg 1536w, https:\/\/dorf-archi.fr\/wp-content\/uploads\/2024\/06\/PLAN-RDC-1-2048x2048.jpg 2048w, https:\/\/dorf-archi.fr\/wp-content\/uploads\/2024\/06\/PLAN-RDC-1-600x600.jpg 600w\" sizes=\"(max-width: 1024px) 100vw, 1024px\" \/>\t\t\t\t\t\t\t\t\t\t\t\t\t\t\t<\/div>\n\t\t\t\t<\/div>\n\t\t\t\t\t<\/div>\n\t\t<\/div>\n\t\t\t\t\t<\/div>\n\t\t<\/section>\n\t\t\t\t<section class=\"elementor-section elementor-top-section elementor-element elementor-element-8302f72 elementor-section-boxed elementor-section-height-default elementor-section-height-default\" data-id=\"8302f72\" data-element_type=\"section\" data-e-type=\"section\">\n\t\t\t\t\t\t<div class=\"elementor-container elementor-column-gap-default\">\n\t\t\t\t\t<div class=\"elementor-column elementor-col-100 elementor-top-column elementor-element elementor-element-7d0005b\" data-id=\"7d0005b\" data-element_type=\"column\" data-e-type=\"column\">\n\t\t\t<div class=\"elementor-widget-wrap elementor-element-populated\">\n\t\t\t\t\t\t<div class=\"elementor-element elementor-element-d694b43 elementor-widget elementor-widget-image\" data-id=\"d694b43\" data-element_type=\"widget\" data-e-type=\"widget\" data-widget_type=\"image.default\">\n\t\t\t\t<div class=\"elementor-widget-container\">\n\t\t\t\t\t\t\t\t\t\t\t\t\t\t\t<img loading=\"lazy\" decoding=\"async\" width=\"1024\" height=\"1024\" src=\"https:\/\/dorf-archi.fr\/wp-content\/uploads\/2024\/06\/PLAN-R1-1024x1024.jpg\" class=\"attachment-large size-large wp-image-1230\" alt=\"\" srcset=\"https:\/\/dorf-archi.fr\/wp-content\/uploads\/2024\/06\/PLAN-R1-1024x1024.jpg 1024w, https:\/\/dorf-archi.fr\/wp-content\/uploads\/2024\/06\/PLAN-R1-300x300.jpg 300w, https:\/\/dorf-archi.fr\/wp-content\/uploads\/2024\/06\/PLAN-R1-150x150.jpg 150w, https:\/\/dorf-archi.fr\/wp-content\/uploads\/2024\/06\/PLAN-R1-768x768.jpg 768w, https:\/\/dorf-archi.fr\/wp-content\/uploads\/2024\/06\/PLAN-R1-1536x1536.jpg 1536w, https:\/\/dorf-archi.fr\/wp-content\/uploads\/2024\/06\/PLAN-R1-2048x2048.jpg 2048w, https:\/\/dorf-archi.fr\/wp-content\/uploads\/2024\/06\/PLAN-R1-600x600.jpg 600w\" sizes=\"(max-width: 1024px) 100vw, 1024px\" \/>\t\t\t\t\t\t\t\t\t\t\t\t\t\t\t<\/div>\n\t\t\t\t<\/div>\n\t\t\t\t\t<\/div>\n\t\t<\/div>\n\t\t\t\t\t<\/div>\n\t\t<\/section>\n\t\t\t\t<section class=\"elementor-section elementor-top-section elementor-element elementor-element-82f875e elementor-section-boxed elementor-section-height-default elementor-section-height-default\" data-id=\"82f875e\" data-element_type=\"section\" data-e-type=\"section\">\n\t\t\t\t\t\t<div class=\"elementor-container elementor-column-gap-default\">\n\t\t\t\t\t<div class=\"elementor-column elementor-col-100 elementor-top-column elementor-element elementor-element-3132511\" data-id=\"3132511\" data-element_type=\"column\" data-e-type=\"column\">\n\t\t\t<div class=\"elementor-widget-wrap elementor-element-populated\">\n\t\t\t\t\t\t<div class=\"elementor-element elementor-element-0b7707d elementor-widget elementor-widget-spacer\" data-id=\"0b7707d\" data-element_type=\"widget\" data-e-type=\"widget\" data-widget_type=\"spacer.default\">\n\t\t\t\t<div class=\"elementor-widget-container\">\n\t\t\t\t\t\t\t<div class=\"elementor-spacer\">\n\t\t\t<div class=\"elementor-spacer-inner\"><\/div>\n\t\t<\/div>\n\t\t\t\t\t\t<\/div>\n\t\t\t\t<\/div>\n\t\t\t\t\t<\/div>\n\t\t<\/div>\n\t\t\t\t\t<\/div>\n\t\t<\/section>\n\t\t\t\t<section class=\"elementor-section elementor-top-section elementor-element elementor-element-01d4756 elementor-section-boxed elementor-section-height-default elementor-section-height-default\" data-id=\"01d4756\" data-element_type=\"section\" data-e-type=\"section\">\n\t\t\t\t\t\t<div class=\"elementor-container elementor-column-gap-default\">\n\t\t\t\t\t<div class=\"elementor-column elementor-col-100 elementor-top-column elementor-element elementor-element-f3a5619\" data-id=\"f3a5619\" data-element_type=\"column\" data-e-type=\"column\">\n\t\t\t<div class=\"elementor-widget-wrap elementor-element-populated\">\n\t\t\t\t\t\t<div class=\"elementor-element elementor-element-235c6cc elementor-widget__width-initial elementor-widget-mobile__width-initial elementor-widget elementor-widget-image\" data-id=\"235c6cc\" data-element_type=\"widget\" data-e-type=\"widget\" data-widget_type=\"image.default\">\n\t\t\t\t<div class=\"elementor-widget-container\">\n\t\t\t\t\t\t\t\t\t\t\t\t\t\t\t<img loading=\"lazy\" decoding=\"async\" width=\"1024\" height=\"724\" src=\"https:\/\/dorf-archi.fr\/wp-content\/uploads\/2024\/01\/Elevation-1024x724.jpg\" class=\"attachment-large size-large wp-image-794\" alt=\"\" srcset=\"https:\/\/dorf-archi.fr\/wp-content\/uploads\/2024\/01\/Elevation-1024x724.jpg 1024w, https:\/\/dorf-archi.fr\/wp-content\/uploads\/2024\/01\/Elevation-300x212.jpg 300w, https:\/\/dorf-archi.fr\/wp-content\/uploads\/2024\/01\/Elevation-768x543.jpg 768w, https:\/\/dorf-archi.fr\/wp-content\/uploads\/2024\/01\/Elevation-1536x1086.jpg 1536w, https:\/\/dorf-archi.fr\/wp-content\/uploads\/2024\/01\/Elevation-2048x1448.jpg 2048w\" sizes=\"(max-width: 1024px) 100vw, 1024px\" \/>\t\t\t\t\t\t\t\t\t\t\t\t\t\t\t<\/div>\n\t\t\t\t<\/div>\n\t\t\t\t\t<\/div>\n\t\t<\/div>\n\t\t\t\t\t<\/div>\n\t\t<\/section>\n\t\t\t\t<section class=\"elementor-section elementor-top-section elementor-element elementor-element-ecfcf91 elementor-section-boxed elementor-section-height-default elementor-section-height-default\" data-id=\"ecfcf91\" data-element_type=\"section\" data-e-type=\"section\">\n\t\t\t\t\t\t<div class=\"elementor-container elementor-column-gap-default\">\n\t\t\t\t\t<div class=\"elementor-column elementor-col-100 elementor-top-column elementor-element elementor-element-cf278c2\" data-id=\"cf278c2\" data-element_type=\"column\" data-e-type=\"column\">\n\t\t\t<div class=\"elementor-widget-wrap elementor-element-populated\">\n\t\t\t\t\t\t<div class=\"elementor-element elementor-element-cdda4a6 elementor-widget elementor-widget-spacer\" data-id=\"cdda4a6\" data-element_type=\"widget\" data-e-type=\"widget\" data-widget_type=\"spacer.default\">\n\t\t\t\t<div class=\"elementor-widget-container\">\n\t\t\t\t\t\t\t<div class=\"elementor-spacer\">\n\t\t\t<div class=\"elementor-spacer-inner\"><\/div>\n\t\t<\/div>\n\t\t\t\t\t\t<\/div>\n\t\t\t\t<\/div>\n\t\t\t\t\t<\/div>\n\t\t<\/div>\n\t\t\t\t\t<\/div>\n\t\t<\/section>\n\t\t\t\t<\/div>\n\t\t","protected":false},"excerpt":{"rendered":"<p>LE HOLZWEG Type : Construction de trois maisons mitoyennes destin\u00e9es \u00e0 la location Lieu : Hohengoeft (67) Ma\u00eetre d&rsquo;Ouvrage : Tania et Vincent Co-traitants : M.H.Ing\u00e9nierie, Callisto Ing\u00e9nierie Surface : 443m\u00b2 Budget : NC Statut : Chantier en cours &#8211; Missions ESQ-AVP-PC-PRO Caract\u00e9ristiques : RE2020 Images : dorf, atelier d&rsquo;architecture \u00a9 \u00a0 \u00a0 \u00a0 Cr\u00e9er [&hellip;]<\/p>\n","protected":false},"author":1,"featured_media":0,"parent":0,"menu_order":0,"comment_status":"closed","ping_status":"closed","template":"","meta":{"ocean_post_layout":"","ocean_both_sidebars_style":"","ocean_both_sidebars_content_width":0,"ocean_both_sidebars_sidebars_width":0,"ocean_sidebar":"","ocean_second_sidebar":"","ocean_disable_margins":"enable","ocean_add_body_class":"","ocean_shortcode_before_top_bar":"","ocean_shortcode_after_top_bar":"","ocean_shortcode_before_header":"","ocean_shortcode_after_header":"","ocean_has_shortcode":"","ocean_shortcode_after_title":"","ocean_shortcode_before_footer_widgets":"","ocean_shortcode_after_footer_widgets":"","ocean_shortcode_before_footer_bottom":"","ocean_shortcode_after_footer_bottom":"","ocean_display_top_bar":"default","ocean_display_header":"default","ocean_header_style":"","ocean_center_header_left_menu":"","ocean_custom_header_template":"","ocean_custom_logo":0,"ocean_custom_retina_logo":0,"ocean_custom_logo_max_width":0,"ocean_custom_logo_tablet_max_width":0,"ocean_custom_logo_mobile_max_width":0,"ocean_custom_logo_max_height":0,"ocean_custom_logo_tablet_max_height":0,"ocean_custom_logo_mobile_max_height":0,"ocean_header_custom_menu":"","ocean_menu_typo_font_family":"","ocean_menu_typo_font_subset":"","ocean_menu_typo_font_size":0,"ocean_menu_typo_font_size_tablet":0,"ocean_menu_typo_font_size_mobile":0,"ocean_menu_typo_font_size_unit":"px","ocean_menu_typo_font_weight":"","ocean_menu_typo_font_weight_tablet":"","ocean_menu_typo_font_weight_mobile":"","ocean_menu_typo_transform":"","ocean_menu_typo_transform_tablet":"","ocean_menu_typo_transform_mobile":"","ocean_menu_typo_line_height":0,"ocean_menu_typo_line_height_tablet":0,"ocean_menu_typo_line_height_mobile":0,"ocean_menu_typo_line_height_unit":"","ocean_menu_typo_spacing":0,"ocean_menu_typo_spacing_tablet":0,"ocean_menu_typo_spacing_mobile":0,"ocean_menu_typo_spacing_unit":"","ocean_menu_link_color":"","ocean_menu_link_color_hover":"","ocean_menu_link_color_active":"","ocean_menu_link_background":"","ocean_menu_link_hover_background":"","ocean_menu_link_active_background":"","ocean_menu_social_links_bg":"","ocean_menu_social_hover_links_bg":"","ocean_menu_social_links_color":"","ocean_menu_social_hover_links_color":"","ocean_disable_title":"default","ocean_disable_heading":"default","ocean_post_title":"","ocean_post_subheading":"","ocean_post_title_style":"","ocean_post_title_background_color":"","ocean_post_title_background":0,"ocean_post_title_bg_image_position":"","ocean_post_title_bg_image_attachment":"","ocean_post_title_bg_image_repeat":"","ocean_post_title_bg_image_size":"","ocean_post_title_height":0,"ocean_post_title_bg_overlay":0.5,"ocean_post_title_bg_overlay_color":"","ocean_disable_breadcrumbs":"default","ocean_breadcrumbs_color":"","ocean_breadcrumbs_separator_color":"","ocean_breadcrumbs_links_color":"","ocean_breadcrumbs_links_hover_color":"","ocean_display_footer_widgets":"default","ocean_display_footer_bottom":"default","ocean_custom_footer_template":"","footnotes":""},"class_list":["post-323","page","type-page","status-publish","hentry","entry"],"_links":{"self":[{"href":"https:\/\/dorf-archi.fr\/index.php\/wp-json\/wp\/v2\/pages\/323","targetHints":{"allow":["GET"]}}],"collection":[{"href":"https:\/\/dorf-archi.fr\/index.php\/wp-json\/wp\/v2\/pages"}],"about":[{"href":"https:\/\/dorf-archi.fr\/index.php\/wp-json\/wp\/v2\/types\/page"}],"author":[{"embeddable":true,"href":"https:\/\/dorf-archi.fr\/index.php\/wp-json\/wp\/v2\/users\/1"}],"replies":[{"embeddable":true,"href":"https:\/\/dorf-archi.fr\/index.php\/wp-json\/wp\/v2\/comments?post=323"}],"version-history":[{"count":121,"href":"https:\/\/dorf-archi.fr\/index.php\/wp-json\/wp\/v2\/pages\/323\/revisions"}],"predecessor-version":[{"id":2350,"href":"https:\/\/dorf-archi.fr\/index.php\/wp-json\/wp\/v2\/pages\/323\/revisions\/2350"}],"wp:attachment":[{"href":"https:\/\/dorf-archi.fr\/index.php\/wp-json\/wp\/v2\/media?parent=323"}],"curies":[{"name":"wp","href":"https:\/\/api.w.org\/{rel}","templated":true}]}}